s the remainder when 111 is divided by 138/5 - l/(-5)?
27
Let c(t) = -t**3 - 11*t**2 - 42*t + 2. What is the remainder when 170 is divided by c(-4)?
54
What is the remainder when (-5 - -66)*(-2)/(-2) is divided by (-13)/52 - (-106)/8?
9
Let g = -23 - -43. Suppose -19*i + 49 + 263 = -30. Calculate the remainder when i is divided by (-6)/(-2)*g/6.
8
Let f = 333 - 319. Calculate the remainder when 96 is divided by f.
12
Let z(y) = -5*y**3 + 3*y**2 + y + 3. Let g be z(3). Let x = g - -120. What is the remainder when 141 is divided by x?
15
Suppose -18 = -28*a + 66. Calculate the remainder when 123 is divided by a.
0
Suppose 0 = -2*n - 2*n + 4*f + 104, -3 = f. What is the remainder when 274 is divided by n?
21
Suppose -5*p + 72 = -11*p. What is the remainder when ((-71)/(-3))/(((-2)/p)/1) is divided by 13?
12
Let u = -700 - -776. Calculate the remainder when u is divided by 39.
37
Let s = 235 - 163. Let x = 201 - 186. Calculate the remainder when s is divided by x.
12
Let p be 0 - 2 - (-6 + 1). Suppose -p*n + 93 = -69. Suppose 68*w - 70*w + 2*a + 32 = 0, -3*w + 5*a = -58. Calculate the remainder when n is divided by w.
10
Let t(m) = -4*m**2 - 19*m + 13. What is the remainder when 30 is divided by t(-5)?
6
Suppose -5*b = 5*g - 104 + 24, 3*g + 37 = 2*b. What is the remainder when 135 is divided by b?
16
Let b = 17 + -18. Let m = 11 + b. Calculate the remainder when 3 + 2/(4/50) is divided by m.
8
Let b = -31 + 36. Suppose -2*l - b*g = -37 - 17, -2*l = -3*g - 54. What is the remainder when 107 is divided by l?
26
Let v be 46*(21/(-6) - -3). Let z = v - -87. Calculate the remainder when z is divided by 11.
9
Let k = 144 + -262. Let h = -76 - k. Let y = h - 15. What is the remainder when 106 is divided by y?
25
Let n(a) = -2*a + 78. Suppose 14 = g - 13. Calculate the remainder when n(-14) is divided by g.
25
Let s = 710 + -644. Calculate the remainder when 262 is divided by s.
64
Suppose 0 = -4*z - 49*z + 742. What is the remainder when 54 is divided by z?
12
Let w = 40 - 26. Suppose -8 = -j + w. What is the remainder when (-172)/(-6)*(14/3 - 225/135) is divided by j?
20
Suppose 2*z + 2*o - 109 = 3*o, -5*z + 3*o + 275 = 0. Suppose 2*f - 83 = -61. What is the remainder when z is divided by f?
8
Suppose 279 = a + 2*k, -a - 3*k + 277 = -0*k. Calculate the remainder when a is divided by 16.
11
Suppose 0 = 4*f - 2*f - 8. Suppose -5*h + 3 = f*q, 4*q - q + 9 = 0. Suppose h*l + 58 = 5*l. Calculate the remainder when l is divided by 16.
13
Let i(o) = -o - 34. Let r be i(-6). Let v = r - -49. What is the remainder when 55 is divided by v?
13
Let k(y) = y**3 - 8*y**2 - 47*y - 6. Let a(z) = z**2 + 5. What is the remainder when a(4) is divided by k(12)?
3
Let y(w) = w**3 - 29*w**2 - 15*w - 1. Let t(h) = 6*h**2 + 3*h. Let k(p) = -11*t(p) - 2*y(p). Calculate the remainder when k(-5) is divided by 18.
13
Suppose 0 = 2*h + 5*n - 139, n = 2*h + 2*n - 127. Calculate the remainder when h is divided by 20.
2
Let a = -567 + 794. Calculate the remainder when a is divided by 46.
43
Let w = 43 - 42. Suppose -4*c + 11 = -5*n, -2*n = c - 20 + w. What is the remainder when 15 is divided by c?
6
Suppose 0*r + 32 = 4*g - 3*r, 0 = 4*g + 2*r - 32. Let k(y) = -2*y**2 + 132*y + 434. Calculate the remainder when k(69) is divided by g.
4
Let l be ((-406)/8 - (-2)/(-8)) + 0. Let n = 54 + l. What is the remainder when 24 is divided by n?
0
Let p(k) = -k + 7. Let w be p(-2). Let u = w + 0. What is the remainder when 32 is divided by u?
5
Suppose 0 = -0*m - 5*m. Suppose -2*q - q + 21 = m. Calculate the remainder when 18 is divided by q.
4
Let w be 20/(-50) - 22/(-5). Suppose -w*x + 2*x = 0. What is the remainder when 41 is divided by (x - 4)*84/(-24)?
13
Suppose -4*x - 504 = -4*p, 4*p + 5*x - 504 = x. Calculate the remainder when 387 is divided by p.
9
Suppose 3*w - 59 = -n - w, 5*n = -5*w + 235. What is the remainder when 81 is divided by n?
38
Let m = 3 + -1. Suppose 4*g - 36 = 3*s + 8, -5*g - 3*s = -55. Let d = g - m. What is the remainder when d is divided by 5?
4
Let o(i) = 3*i**3 + 10*i**2 + 21*i - 67. What is the remainder when o(5) is divided by 19?
17
Let u(j) = -7*j - 83. Calculate the remainder when 395 is divided by u(-14).
5
Let y = 21 + -16. Suppose -4*o + 3*o = -3*z, -7 = 5*z - 4*o. What is the remainder when (z - -5) + -2 + 5 is divided by y?
4
Suppose -15 = 5*x, 0 = 3*r + 4*x - 80 + 8. What is the remainder when 307 is divided by r?
27
Let v = 127 - 118. Suppose o + o - 12 = 0. What is the remainder when v is divided by o?
3
Let w = -10 - -6. Let v = w - -8. Suppose -3 - 57 = -v*t. Calculate the remainder when 28 is divided by t.
13
Let v be (10/6)/(8/48). Let r = 31 - v. Calculate the remainder when r is divided by 11.
10
Let f(k) = 2*k**3 + 2*k**2 - 3*k + 2. Let n(u) = -u**2 + 2*u - 3. Let o be n(-3). Let y = o + 95. Calculate the remainder when y is divided by f(2).
17
Let q(t) = -15*t + 295. Calculate the remainder when q(11) is divided by 46.
38
Let p(g) = g**2 - 3*g + 20. What is the remainder when p(4) is divided by 8?
0
Suppose 0 = 16*j - 14*j - 42. Suppose l + j = 35. Calculate the remainder when 25 is divided by l.
11
Suppose -2*o = -49 + 17. Suppose -5*h - 25 = -5*f, -f = 4*f - 5. Calculate the remainder when (-2)/4 - 182/h is divided by o.
13
Suppose -5*j - 2 = -4*n - 3*j, -9 = -3*j. Suppose -2*u + n*g - 3 = -u, 2*g = 6. Calculate the remainder when 36 is divided by (1 + (-22)/u)*-3.
17
Suppose -2*n + 6*b = 5*b - 45, -3*n + 4*b + 65 = 0. Suppose -2*m + n + 3 = -2*r, 5*m = -4*r + 65. Calculate the remainder when m is divided by 7.
6
Let h(g) = 3*g**3 - 69*g**2 - 2*g + 56. Calculate the remainder when 205 is divided by h(23).
5
Let b(s) = -s**2 - 3*s**2 + 5 + 4*s - s**3 + 3*s - 2*s. Let z be b(-5). What is the remainder when -2 + z - (2 + -19) is divided by 12?
8
Let y(q) = q**3 - 6*q**2 - 3*q - 5. Suppose 369 = -w + 2*w. Suppose -k = 3*m - 50 - 218, -4*m = -k - w. What is the remainder when m is divided by y(7)?
22
Suppose -k - 4*x + 6*x = -8, k + 8 = -2*x. Suppose k*o = 8*o. Let r = 17 - o. What is the remainder when 66 is divided by r?
15
Suppose 2*o - 2159 = -15*o. Calculate the remainder when o is divided by 16.
15
Let n be 384/(-10) + (-10)/(-25). Let v = 53 + n. Suppose 4*f - 72 = -b, b + 2*b + f - 172 = 0. What is the remainder when b is divided by v?
11
Let g(p) = -2*p**3 + 15*p**2 - 15*p + 2. Let x be g(6). What is the remainder when 53 is divided by 290/x - 1/2?
11
Suppose 5*k + 5*n - 2*n - 755 = 0, 4*n = -3*k + 453. What is the remainder when k is divided by 67?
17
Suppose -5*r - 7 = 13, -q = -4*r - 88. What is the remainder when 210 is divided by q?
66
Let n(d) = -d**3 + d**2 - d - 1. Let j be n(-1). Suppose j*g - 45 = 7*g. Let w = 80 + g. What is the remainder when w is divided by 24?
23
Suppose d - 392 = -d + x, 0 = 5*d - x - 974. Suppose -11*i + d = -92. Calculate the remainder when 96 is divided by i.
18
Let n = -14 + 18. Suppose -3*z + k + 13 + 69 = 0, -4*z = -n*k - 112. Let p = z - 10. Calculate the remainder when 50 is divided by p.
16
Suppose -m + 3*m = 4. Suppose -5*l - 5*k + 70 = 0, -3*l + m*l + 5*k = -32. What is the remainder when 31 is divided by l?
14
Suppose -2*s = -0*m - m + 32, -5*m = 3*s - 95. Let a(o) = 2*o + 76. What is the remainder when a(m) is divided by 11?
10
Let a = 57 + 10. Suppose -x - 4 = -3*x. Suppose u - 5*u + 86 = -3*f, 5*f - 56 = -x*u. What is the remainder when a is divided by u?
21
Let u = 40 + -48. Suppose 3*n - 25 = n - t, 14 = n - t. Let w = n + u. Calculate the remainder when w is divided by 2.
1
Suppose 1356 = 18*d - 3558. Calculate the remainder when d is divided by 69.
66
Let v(c) = c**3 + 2*c**2 - 2*c. Let k be v(-2). Suppose -2*m + k*m = 0. Suppose u = -2*u - 3*y + 45, 3*y = m. What is the remainder when u is divided by 9?
6
Let z = 55 + -11. Suppose -111*k = -109*k - 18. What is the remainder when z is divided by k?
8
Suppose -2*c + 2*a = -712, 0 = 2*a + 2*a - 12. What is the remainder when (-3)/(-15) + 2/(10/c) is divided by 25?
22
Suppose -5089 = -10*a - 229. Calculate the remainder when a is divided by 70.
66
Let n = 36 - -83. What is the remainder when n is divided by 41?
37
Let n = 33 - 31. Suppose -4*o = v - n - 4, 3*o = 2*v + 32. What is the remainder when 28 is divided by (v/(-30))/((-2)/(-60))?
